3. Suppose -2*x + 261 = 57. Let y = x - q. What is the greatest common divisor of y and 37?
37
Let w be -5852*((-220)/28 - -7). What is the greatest common divisor of 114 and w?
114
Let o = 91 - 7. Let s be 10/(-4) - 1/(-2). Let f(t) = t**2 - t + 1. Let k be f(s). What is the highest common divisor of o and k?
7
Suppose 0 = -92*c + 139*c + 24560 - 179754. What is the highest common divisor of c and 13?
13
Let x be (11 - 6)*(5 + -2 + -2). Suppose -2*n + x*b = -38 + 11, 4*b + 23 = 3*n. What is the greatest common factor of 4 and n?
1
Let m be 4*(-6)/8*(-885)/(-9)*-2. What is the greatest common factor of m and 2596?
118
Suppose 0 = -16*s + 13*s + 231. Let h(x) = -18*x - 6. Let m be h(-3). Let d be m/4 - (2 + -1). What is the greatest common factor of d and s?
11
Let f be (-1 - 3) + 1 + (-1506)/(-6). Let j = -190 + f. What is the highest common divisor of 928 and j?
58
Let s be (-3)/(-7) + (-2139)/(-7) - -3. Suppose -345 = -5*q - 3*g, -5*q = -5*g - 76 - s. Suppose -r = r - q. What is the highest common divisor of r and 24?
12
Let x = 10 + -6. Suppose x*p + p + 40 = 0. Let i be (-1)/(1/p - 0). Calculate the highest common divisor of 20 and i.
4
Let k = -48088 + 49378. Let f be 604/14 + (-2)/14. Calculate the highest common factor of f and k.
43
Let p be (-27)/15 - (-144)/(-120). Let h be (-24)/(-36) + (-88)/p + 0. Calculate the greatest common divisor of 75 and h.
15
Suppose -1057*l - 972 = -1075*l. Calculate the greatest common divisor of 1116 and l.
18
Let b = 534 + -479. Calculate the highest common divisor of b and 1111.
11
Let g(s) = -s**3 - 13*s**2 - 33*s - 20. Let m = 26 + -36. Let t be g(m). Calculate the greatest common factor of 830 and t.
10
Suppose 4*g + 2*u = 2046, u + 3*u + 2525 = 5*g. Suppose 29*t - g - 3406 = 0. What is the greatest common divisor of t and 120?
15
Let h = 71 - 67. Let r = 3 + h. Let a be (r - (2 - -2)) + 41. Calculate the greatest common divisor of a and 220.
44
Suppose -4*h + 2*i + 3*i + 265 = 0, -2*h - 5*i = -155. Suppose 5*k - 900 = -5*p, 5*k + 5*p = 3*p + 885. What is the highest common divisor of k and h?
35
Let v(t) = t**2 + 2*t - 8. Let q be v(9). Suppose 805 = 3*p + d, 5*p - 1927 + 586 = -2*d. Let w = -262 + p. Calculate the greatest common factor of q and w.
7
Let d(z) = 16*z**2 - 74*z - 11. Let b be d(5). Let t be (-1)/1*(176 + 3 + -1). Let s = -121 - t. Calculate the greatest common divisor of s and b.
19
Let h(r) = 131*r + 963. Let c be h(-5). Let x be (-2)/5 - ((-5296)/40 + -8). Calculate the greatest common divisor of c and x.
28
Suppose -121*n + 75*n + 8694 = 0. What is the highest common divisor of 243 and n?
27
Suppose 11*q = 8*q - 5*d + 2806, 13*d = 3*q - 2716. What is the greatest common factor of 721 and q?
103
Suppose -8*h + 9842 = 2828 - 17946. Calculate the highest common factor of h and 2860.
260
Let z = 430 - 419. What is the greatest common factor of 1903 and z?
11
Suppose 2*o - 109 + 115 = 0, 5*q = 5*o + 30820. Calculate the highest common divisor of q and 101.
101
Suppose -17*r - 135 + 1081 = 96. What is the greatest common factor of 16100 and r?
50
Suppose -6*f + 14*f + 16 = 0. Let y be 637/39 - f/3. Let u = 288 - 101. Calculate the greatest common divisor of y and u.
17
Let f be ((-1)/(-2))/(2/44). Suppose 20 = -5*u, -5*y - 17*u - 1 = -13*u. Suppose 4 = m - r, -4 = 4*m - y*r - 17. What is the greatest common factor of f and m?
1
Suppose 39 = 137*z - 134*z + 3*i, -9*i - 72 = 0. Let l = 40 + 58. Let o be (l/6)/(2/18). What is the highest common divisor of z and o?
21
Suppose -4*b - 2*y + 18782 = 0, -12*y = -8*y - 4. Calculate the greatest common factor of b and 45.
15
Suppose -14*x - 4088 = -28*x. Calculate the highest common factor of 4 and x.
4
Let y be (-3)/(4 - 7)*97. What is the greatest common factor of y and 4462?
97
Suppose 19*t - 3908 = 1165. What is the greatest common divisor of t and 1424?
89
Suppose -3*f + 9 = -6. Let t(o) = o**2 - o - 2. Suppose 0*m + l = 2*m + 8, 0 = -3*m + l - 14. Let i be t(m). Calculate the greatest common divisor of f and i.
5
Suppose 91 + 833 = 4*z + 4*q, 0 = -z + 2*q + 222. Calculate the highest common factor of z and 1254.
114
Suppose 964 = 22*w + 348. What is the greatest common factor of w and 2282?
14
Suppose 187*n - 82*n = 31185. Suppose 5*o + 298 - 2765 = -2*d, 5*d = -5*o + 2455. Calculate the highest common factor of n and o.
99
Let i(o) = -191*o - 7883. Let v be i(-43). What is the greatest common divisor of v and 4730?
110
Suppose -14*r + 2227 = 5*m + 382, 5*m + 235 = 2*r. Calculate the highest common factor of 23530 and r.
130
Suppose 3*s = 6*y - 5*y - 2596, y + 2*s = 2596. Suppose -43*x = -32*x - y. Calculate the greatest common factor of x and 177.
59
Suppose 4*c - 9*c = -4*i - 295, -3*c + 160 = i. Let n be (80/(-8) - -11)/(1/c). Calculate the highest common divisor of 110 and n.
55
Let h be 30/((-600)/(-2660)) + 29. Let k(y) = -y**3 + 4*y**2 + 2*y - 6. Let b be k(4). Calculate the highest common divisor of b and h.
2
Let b be (-113344)/(-6314) + (-4)/(-82). Calculate the highest common factor of 8622 and b.
18
Let b be (36/16)/((-2)/48). Let w = -48 - b. Suppose 7*j = w*j + 55. Calculate the highest common divisor of 11 and j.
11
Suppose 0 = -25*m - 35*m - 28920. Let q = m + 503. Calculate the highest common divisor of 12 and q.
3
Suppose 0 = 3*o + x - 9, 2*x = o - 0*x + 4. Let w be (-13)/o*(-2 - 2). Suppose -4*p + 3*p + 15 - 2 = 0. What is the greatest common factor of p and w?
13
Let s(c) = -c**3 + 5*c**2 - c - 6. Let w be s(5). Let l be (-12)/(-14)*((-284)/(-12) + 2). Let y = w + l. Calculate the greatest common divisor of y and 66.
11
Let s be (-4793940)/(-648) - 4/(0 + 72). What is the highest common divisor of 54 and s?
54
Let x(s) = -2*s**2 + 38*s - 79. Let v be x(16). Suppose -v*y + 6*y + 99 = 0. Calculate the greatest common factor of y and 153.
9
Let c(j) = -j**3 + 19*j**2 + 21*j - 13. Let h be c(20). Suppose h*p - 39 = 4*p. Calculate the greatest common divisor of 104 and p.
13
Let x be (0 + (80 - 3) + -1)*23760/60. Calculate the highest common factor of x and 38.
38
Let v be 1*16 + (190 + 2)/(-24). What is the greatest common divisor of v and 2360?
8
Let j(b) = 47*b**2 - 104*b + 1. Let w be j(3). Calculate the highest common factor of w and 532.
28
Let k(c) = -573*c - 15455. Let i be k(-27). What is the highest common divisor of i and 4808?
8
Suppose -5*n + 208 + 617 = 0. Let i = 1573 + -1570. Let x be i*5/(25/n). Calculate the highest common factor of 9 and x.
9
Suppose -2*j + 3*k = -13, -5*j + 4*j = -2*k - 9. Let d(c) = 6 - 4 - 78*c - 4. Let v be d(j). Calculate the highest common divisor of 4 and v.
4
Let d = -2813 + 2829. Let u be 12*-1*(0 + -2). Calculate the highest common divisor of u and d.
8
Let t(h) = -11*h + 407. Let v be t(17). Let c be (24/9)/((-4)/(-66)). What is the highest common divisor of c and v?
44
Let k = -7102 + 7114. Suppose 5*r - r - 12 = 0. Suppose r*u - w - 46 = 60, u = 4*w + 28. Calculate the highest common divisor of k and u.
12
Let d(m) = 4*m**3 - 26*m**2 + 68*m + 19. Let w be d(21). Suppose -41*k = -18*k - w. What is the highest common divisor of k and 25?
25
Let p be -8*2/(-4) + -107. Let w be ((-16)/(-12))/(1/(-3)) - p. Let y = w + -68. What is the highest common divisor of y and 155?
31
Suppose -15*z = 3*x - 18*z - 3, 2*x = -3*z + 12. Suppose 4*r - 909 = 3*j, -x*r + 1031 = 5*j + 313. Calculate the highest common factor of r and 21.
21
Suppose -2*u = 4*o - 2022, o + 996 = 3*o + 4*u. Let d = -355 + o. Let y = 36 - 19. Calculate the highest common factor of d and y.
17
Let h = -8306 - -8410. What is the greatest common factor of h and 6656?
104
Let x = -33 + 47. Suppose -5*o - 15*q + 16*q = -566, o - 136 = 4*q. What is the highest common divisor of o and x?
14
Let k(c) = -92*c - 1301. Let a be k(-33). What is the greatest common divisor of 10 and a?
5
Let z(b) = -22*b + 137. Let p be z(6). Suppose -p*f + 2*j + 289 = 5*j, 5*j + 69 = f. Calculate the greatest common divisor of f and 1357.
59
Suppose -23 + 1001 = 2*a - b, -3*a + 1467 = b. Suppose -486*j = -a*j + 15. Suppose 4*u - 353 + 33 = 0. What is the highest common divisor of u and j?
5
Let b(r) = r**3 + 19*r**2 + 18*r + 15. Suppose -2*l = -k + 36, l + k = -0*l - 18. Let z be b(l). Calculate the greatest common factor of z and 150.
15
Let 